{"id":144,"date":"2021-09-10T09:26:39","date_gmt":"2021-09-10T07:26:39","guid":{"rendered":"https:\/\/www.studentenwerk.at\/badleonfelden\/?page_id=144"},"modified":"2021-12-13T16:34:15","modified_gmt":"2021-12-13T15:34:15","slug":"anmeldung","status":"publish","type":"page","link":"https:\/\/www.studentenwerk.at\/badleonfelden\/anmeldung\/","title":{"rendered":"Anmeldung"},"content":{"rendered":" \r\n<div \r\n    id=\"polyblock-section_block_61b764354bf79\" \r\n    class=\"polyblock polyblock-section normal   columns-sm-1 \"\r\n     \r\n        >\r\n\r\n            <div class=\"overlay \"><\/div>\r\n    \r\n\r\n    \r\n    <article class=\"container\">\r\n        \n <div class=\"polyblock polyblock-button\" >\n    <a href=\"https:\/\/www.studentenwerk.at\/badleonfelden\/anmeldung\/\" class=\" btn btn-block btn-lg btn-outline-secondary anmeldung\" >ZUR ONLINE ANMELDUNG <i class=\"bi bi-arrow-right-circle-fill\"><\/i> <\/a>\n<\/div>\n\n\n    <\/article>\r\n\r\n<\/div>\r\n\n\n \r\n<div \r\n    id=\"polyblock-section_block_613b222a432a6\" \r\n    class=\"polyblock polyblock-section normal   columns-sm-1 \"\r\n     \r\n        >\r\n\r\n            <div class=\"overlay \"><\/div>\r\n    \r\n\r\n    \r\n    <article class=\"container\">\r\n        \n\n<div class=\"wp-block-columns is-layout-flex wp-container-core-columns-is-layout-9d6595d7 wp-block-columns-is-layout-flex\">\n<div class=\"wp-block-column is-layout-flow wp-block-column-is-layout-flow\">\n<h2 class=\"wp-block-heading\">Anmeldeformulare<\/h2>\n\n\n\n<p><strong>Das&nbsp;erforderliche Formular zur Zuweisung eines Internatsplatzes k\u00f6nnen Sie anfordern unter:<\/strong><\/p>\n\n\n\n<p><strong>Sch\u00fclerinternat Bad Leonfelden<\/strong><br>Auweg 5<br>4190 Bad Leonfelden<br><strong>e-mail:<\/strong>&nbsp;<a href=\"mailto:office.leonf@studentenwerk.at\">office.leonf@studentenwerk.at<\/a><br><strong>tel.:<\/strong>&nbsp;07213\/6216-0<\/p>\n\n\n\n<p>oder direkt downloaden:<\/p>\n\n\n\n<div class=\"wp-block-file is-style-black-text\"><a href=\"https:\/\/www.studentenwerk.at\/badleonfelden\/wp-content\/uploads\/sites\/5\/2021\/12\/Internat_BadLeonfelden_Anmeldeformular.pdf\">Anmeldeformular (PDF)<\/a><a href=\"https:\/\/www.studentenwerk.at\/badleonfelden\/wp-content\/uploads\/sites\/5\/2021\/12\/Internat_BadLeonfelden_Anmeldeformular.pdf\" class=\"wp-block-file__button\" download>Herunterladen<\/a><\/div>\n\n\n\n<div class=\"wp-block-file is-style-black-text\"><a href=\"https:\/\/www.studentenwerk.at\/badleonfelden\/wp-content\/uploads\/sites\/5\/2021\/12\/Internat_BadLeonfelden_Anmeldeformular.doc\">Anmeldeformular (DOC)<\/a><a href=\"https:\/\/www.studentenwerk.at\/badleonfelden\/wp-content\/uploads\/sites\/5\/2021\/12\/Internat_BadLeonfelden_Anmeldeformular.doc\" class=\"wp-block-file__button\" download>Herunterladen<\/a><\/div>\n<\/div>\n\n\n\n<div class=\"wp-block-column is-layout-flow wp-block-column-is-layout-flow\">\n<h2 class=\"wp-block-heading\">Probeschlafen, Schnuppern, Besichtigung<\/h2>\n\n\n\n<div class=\"wp-block-columns is-layout-flex wp-container-core-columns-is-layout-9d6595d7 wp-block-columns-is-layout-flex\">\n<div class=\"wp-block-column is-layout-flow wp-block-column-is-layout-flow\" style=\"flex-basis:33.33%\">\n<figure class=\"wp-block-image size-large\"><img loading=\"lazy\" decoding=\"async\" width=\"612\" height=\"612\" src=\"https:\/\/www.studentenwerk.at\/badleonfelden\/wp-content\/uploads\/sites\/5\/2021\/08\/Probeschlafen-Symbol.png\" alt=\"\" class=\"wp-image-105\" srcset=\"https:\/\/www.studentenwerk.at\/badleonfelden\/wp-content\/uploads\/sites\/5\/2021\/08\/Probeschlafen-Symbol.png 612w, https:\/\/www.studentenwerk.at\/badleonfelden\/wp-content\/uploads\/sites\/5\/2021\/08\/Probeschlafen-Symbol-360x360.png 360w\" sizes=\"auto, (max-width: 612px) 100vw, 612px\" \/><\/figure>\n<\/div>\n\n\n\n<div class=\"wp-block-column is-layout-flow wp-block-column-is-layout-flow\" style=\"flex-basis:66.66%\">\n<p>Gerne geben wir bei einer Besichtigung des Sch\u00fclerinternates Bad Leonfelden unter fachkundiger Begleitung eines Erziehers n\u00e4here Informationen. Diese ist jederzeit an ge\u00f6ffneten Tagen ohne Voranmeldung m\u00f6glich.<\/p>\n\n\n\n<p>PROBESCHLAFEN im Sch\u00fclerinternat Bad Leonfelden. Du hast Interesse ab dem kommenden Schuljahr in Bad Leonfelden die Tourismusschule oder das BORG zu besuchen und ben\u00f6tigst hierf\u00fcr einen Internatsplatz? Gerne kannst du gemeinsam mit unseren Sch\u00fclern einen Internatsabend mit N\u00e4chtigung erleben, dabei Internatsluft schnuppern und dann anschlie\u00dfend direkt morgens in die Schule zum Schulschnuppertag gehen. Bitte mindestens 1 Woche vorher anmelden. WIR FREUEN UNS AUF DEINEN BESUCH.<\/p>\n<\/div>\n<\/div>\n<\/div>\n<\/div>\n\n    <\/article>\r\n\r\n<\/div>\r\n","protected":false},"excerpt":{"rendered":"","protected":false},"author":1,"featured_media":186,"parent":0,"menu_order":0,"comment_status":"closed","ping_status":"closed","template":"","meta":{"inline_featured_image":false,"footnotes":""},"class_list":["post-144","page","type-page","status-publish","has-post-thumbnail","hentry"],"acf":[],"_links":{"self":[{"href":"https:\/\/www.studentenwerk.at\/badleonfelden\/wp-json\/wp\/v2\/pages\/144","targetHints":{"allow":["GET"]}}],"collection":[{"href":"https:\/\/www.studentenwerk.at\/badleonfelden\/wp-json\/wp\/v2\/pages"}],"about":[{"href":"https:\/\/www.studentenwerk.at\/badleonfelden\/wp-json\/wp\/v2\/types\/page"}],"author":[{"embeddable":true,"href":"https:\/\/www.studentenwerk.at\/badleonfelden\/wp-json\/wp\/v2\/users\/1"}],"replies":[{"embeddable":true,"href":"https:\/\/www.studentenwerk.at\/badleonfelden\/wp-json\/wp\/v2\/comments?post=144"}],"version-history":[{"count":7,"href":"https:\/\/www.studentenwerk.at\/badleonfelden\/wp-json\/wp\/v2\/pages\/144\/revisions"}],"predecessor-version":[{"id":361,"href":"https:\/\/www.studentenwerk.at\/badleonfelden\/wp-json\/wp\/v2\/pages\/144\/revisions\/361"}],"wp:featuredmedia":[{"embeddable":true,"href":"https:\/\/www.studentenwerk.at\/badleonfelden\/wp-json\/wp\/v2\/media\/186"}],"wp:attachment":[{"href":"https:\/\/www.studentenwerk.at\/badleonfelden\/wp-json\/wp\/v2\/media?parent=144"}],"curies":[{"name":"wp","href":"https:\/\/api.w.org\/{rel}","templated":true}]}}